{"id":12467,"date":"2017-08-25T17:38:10","date_gmt":"2017-08-25T20:38:10","guid":{"rendered":"http:\/\/thir.com.br\/portal\/?page_id=12467"},"modified":"2017-08-25T17:38:10","modified_gmt":"2017-08-25T20:38:10","slug":"sessao-de-mesa","status":"publish","type":"page","link":"https:\/\/thir.com.br\/portal\/sessao-de-mesa\/","title":{"rendered":"Sess\u00e3o de Mesa"},"content":{"rendered":"<p><a href=\"http:\/\/thir.com.br\/portal\/wp-content\/uploads\/2017\/08\/doutrinador.jpg\"><img loading=\"lazy\" decoding=\"async\" class=\"aligncenter wp-image-12468 size-full\" src=\"http:\/\/thir.com.br\/portal\/wp-content\/uploads\/2017\/08\/doutrinador.jpg\" alt=\"\" width=\"660\" height=\"423\" srcset=\"https:\/\/thir.com.br\/portal\/wp-content\/uploads\/2017\/08\/doutrinador.jpg 660w, https:\/\/thir.com.br\/portal\/wp-content\/uploads\/2017\/08\/doutrinador-300x192.jpg 300w, https:\/\/thir.com.br\/portal\/wp-content\/uploads\/2017\/08\/doutrinador-500x320.jpg 500w\" sizes=\"auto, (max-width: 660px) 100vw, 660px\" \/><\/a><\/p>\n<p>&nbsp;<\/p>\n<p>Mesa Branca \u00e9 a pr\u00e1tica da mediunidade espiritualista com base nos ensinamentos de Jesus e desenvolvida a partir das orienta\u00e7\u00f5es de um ou mais guias espirituais (esp\u00edritos ou entidades que cuidam dos trabalhos da casa)<\/p>\n<p>A \u201cmesa\u201d em si \u00e9 um objeto indispens\u00e1vel nas sess\u00f5es uma vez que serve de apoio e contato material para os trabalhos de um modo em geral. \u00c9, em volta da \u201cmesa\u201d, que os m\u00e9diuns se re\u00fanem para uma sess\u00e3o; \u00e9 a partir dela que \u00e9 realizado um estudo, uma prele\u00e7\u00e3o, uma consulta ou uma comunica\u00e7\u00e3o medi\u00fanica, afim de ajudar os esp\u00edritos encarnados e desencarnados.<\/p>\n<p>&nbsp;<\/p>\n","protected":false},"excerpt":{"rendered":"<p>&nbsp; Mesa Branca \u00e9 a pr\u00e1tica da mediunidade espiritualista com base nos ensinamentos de Jesus e desenvolvida a partir das orienta\u00e7\u00f5es de um ou mais guias espirituais (esp\u00edritos ou entidades que cuidam dos trabalhos da casa) A \u201cmesa\u201d em si \u00e9 um objeto indispens\u00e1vel nas sess\u00f5es uma vez que serve de apoio e contato material para os trabalhos de um modo em geral. \u00c9, em volta da \u201cmesa\u201d, que os m\u00e9diuns se re\u00fanem para uma sess\u00e3o; \u00e9 a partir dela que \u00e9 realizado um estudo, uma prele\u00e7\u00e3o, uma consulta ou uma comunica\u00e7\u00e3o medi\u00fanica, afim de ajudar os esp\u00edritos encarnados e desencarnados. &nbsp;<\/p>\n","protected":false},"author":3,"featured_media":0,"parent":0,"menu_order":0,"comment_status":"closed","ping_status":"closed","template":"","meta":{"footnotes":""},"class_list":["post-12467","page","type-page","status-publish","hentry"],"_links":{"self":[{"href":"https:\/\/thir.com.br\/portal\/wp-json\/wp\/v2\/pages\/12467","targetHints":{"allow":["GET"]}}],"collection":[{"href":"https:\/\/thir.com.br\/portal\/wp-json\/wp\/v2\/pages"}],"about":[{"href":"https:\/\/thir.com.br\/portal\/wp-json\/wp\/v2\/types\/page"}],"author":[{"embeddable":true,"href":"https:\/\/thir.com.br\/portal\/wp-json\/wp\/v2\/users\/3"}],"replies":[{"embeddable":true,"href":"https:\/\/thir.com.br\/portal\/wp-json\/wp\/v2\/comments?post=12467"}],"version-history":[{"count":2,"href":"https:\/\/thir.com.br\/portal\/wp-json\/wp\/v2\/pages\/12467\/revisions"}],"predecessor-version":[{"id":12470,"href":"https:\/\/thir.com.br\/portal\/wp-json\/wp\/v2\/pages\/12467\/revisions\/12470"}],"wp:attachment":[{"href":"https:\/\/thir.com.br\/portal\/wp-json\/wp\/v2\/media?parent=12467"}],"curies":[{"name":"wp","href":"https:\/\/api.w.org\/{rel}","templated":true}]}}