{"id":12404,"date":"2017-08-25T11:12:37","date_gmt":"2017-08-25T14:12:37","guid":{"rendered":"http:\/\/thir.com.br\/portal\/?page_id=12404"},"modified":"2017-08-27T20:57:09","modified_gmt":"2017-08-27T23:57:09","slug":"assistencia-social","status":"publish","type":"page","link":"https:\/\/thir.com.br\/portal\/assistencia-social\/","title":{"rendered":"Assist\u00eancia Social"},"content":{"rendered":"<p><a href=\"http:\/\/thir.com.br\/portal\/wp-content\/uploads\/2017\/01\/Banner_Social-1.jpg\"><img loading=\"lazy\" decoding=\"async\" class=\"aligncenter wp-image-12402 size-full\" src=\"http:\/\/thir.com.br\/portal\/wp-content\/uploads\/2017\/01\/Banner_Social-1.jpg\" alt=\"\" width=\"1140\" height=\"400\" srcset=\"https:\/\/thir.com.br\/portal\/wp-content\/uploads\/2017\/01\/Banner_Social-1.jpg 1140w, https:\/\/thir.com.br\/portal\/wp-content\/uploads\/2017\/01\/Banner_Social-1-300x105.jpg 300w, https:\/\/thir.com.br\/portal\/wp-content\/uploads\/2017\/01\/Banner_Social-1-768x269.jpg 768w, https:\/\/thir.com.br\/portal\/wp-content\/uploads\/2017\/01\/Banner_Social-1-1024x359.jpg 1024w, https:\/\/thir.com.br\/portal\/wp-content\/uploads\/2017\/01\/Banner_Social-1-500x175.jpg 500w\" sizes=\"auto, (max-width: 1140px) 100vw, 1140px\" \/><\/a><\/p>\n<p>&nbsp;<\/p>\n<p>A Tenda dos Humildes de Isabel a Redentora, Thir, tem como base da sua egr\u00e9gora, a caridade, sendo est\u00e1 realizada no \u00e2mbito espiritual ou material.\u00a0Realizamos um trabalho social no qual arrecadamos alimentos n\u00e3o perec\u00edveis e outras necessidades a institui\u00e7\u00f5es n\u00e3o governamentais, com o intuito de contribuir com a evolu\u00e7\u00e3o espiritual daqueles que praticam a caridade e ajudar aqueles que clamam por ajuda.<\/p>\n<p>Esse aux\u00edlio tem como objeto divulgar, centralizar as doa\u00e7\u00f5es daqueles que anseiam ajudar ao pr\u00f3ximo, contabilizar e formalizar a entrega, com todo esse processo sendo realizado de maneira transparente e acess\u00edvel aos que desejam contribuir.<\/p>\n<p>Atualmente auxiliamos com contribui\u00e7\u00f5es diversas a casa de apoio \u00e0 crian\u00e7a com c\u00e2ncer S\u00e3o Vicente de Paulo, local onde fornecem hospedagem, alimento e condi\u00e7\u00f5es saud\u00e1veis de manter crian\u00e7as e familiares pelo que tempo que per durarem seus tratamentos e exames no Rio de Janeiro, n\u00e3o deixando faltar o essencial aqueles que j\u00e1 sofrem com suas perdas di\u00e1rias e tamb\u00e9m ao Projeto Social Cora\u00e7\u00e3o Solid\u00e1rio que \u00e9 uma institui\u00e7\u00e3o n\u00e3o Governamental que apoia pessoas com defici\u00eancia f\u00edsica ou mental como paralisia cerebral, HIV, C\u00e2ncer, Crian\u00e7as, Adolescentes e Adultos com Derrame, al\u00e9m de fam\u00edlias que ajudamos com alimentos n\u00e3o perec\u00edveis, roupas.<\/p>\n<p>&nbsp;<\/p>\n<h4 style=\"text-align: center;\"><strong>\u201d A caridade \u00e9 um exerc\u00edcio espiritual..Quem pratica o bem, coloca em movimento as for\u00e7as da alma\u201d<\/strong><\/h4>\n<h4 style=\"text-align: center;\"><strong>\u00a0 \u00a0 \u00a0 \u00a0Chico Xavier<\/strong><\/h4>\n","protected":false},"excerpt":{"rendered":"<p>&nbsp; A Tenda dos Humildes de Isabel a Redentora, Thir, tem como base da sua egr\u00e9gora, a caridade, sendo est\u00e1 realizada no \u00e2mbito espiritual ou material.\u00a0Realizamos um trabalho social no qual arrecadamos alimentos n\u00e3o perec\u00edveis e outras necessidades a institui\u00e7\u00f5es n\u00e3o governamentais, com o intuito de contribuir com a evolu\u00e7\u00e3o espiritual daqueles que praticam a caridade e ajudar aqueles que clamam por ajuda. Esse aux\u00edlio tem como objeto divulgar, centralizar as doa\u00e7\u00f5es daqueles que anseiam ajudar ao pr\u00f3ximo, contabilizar e formalizar a entrega, com todo esse processo sendo realizado de maneira transparente e acess\u00edvel aos que desejam contribuir. Atualmente auxiliamos com contribui\u00e7\u00f5es diversas a casa de apoio \u00e0 crian\u00e7a com c\u00e2ncer S\u00e3o Vicente de Paulo, local onde fornecem hospedagem, alimento e condi\u00e7\u00f5es saud\u00e1veis de manter crian\u00e7as e familiares pelo que tempo que per durarem seus tratamentos e exames no Rio de Janeiro, n\u00e3o deixando faltar o essencial aqueles que j\u00e1 sofrem com suas perdas di\u00e1rias e tamb\u00e9m ao Projeto Social Cora\u00e7\u00e3o Solid\u00e1rio que \u00e9 uma institui\u00e7\u00e3o n\u00e3o Governamental que apoia pessoas com defici\u00eancia f\u00edsica ou mental como paralisia cerebral, HIV, C\u00e2ncer, Crian\u00e7as, Adolescentes e Adultos com Derrame, al\u00e9m de fam\u00edlias que ajudamos com alimentos n\u00e3o perec\u00edveis, roupas. &nbsp; \u201d A caridade \u00e9 um exerc\u00edcio espiritual..Quem pratica o bem, coloca em movimento as for\u00e7as da alma\u201d \u00a0 \u00a0 \u00a0 \u00a0Chico Xavier<\/p>\n","protected":false},"author":3,"featured_media":0,"parent":0,"menu_order":0,"comment_status":"closed","ping_status":"closed","template":"","meta":{"footnotes":""},"class_list":["post-12404","page","type-page","status-publish","hentry"],"_links":{"self":[{"href":"https:\/\/thir.com.br\/portal\/wp-json\/wp\/v2\/pages\/12404","targetHints":{"allow":["GET"]}}],"collection":[{"href":"https:\/\/thir.com.br\/portal\/wp-json\/wp\/v2\/pages"}],"about":[{"href":"https:\/\/thir.com.br\/portal\/wp-json\/wp\/v2\/types\/page"}],"author":[{"embeddable":true,"href":"https:\/\/thir.com.br\/portal\/wp-json\/wp\/v2\/users\/3"}],"replies":[{"embeddable":true,"href":"https:\/\/thir.com.br\/portal\/wp-json\/wp\/v2\/comments?post=12404"}],"version-history":[{"count":3,"href":"https:\/\/thir.com.br\/portal\/wp-json\/wp\/v2\/pages\/12404\/revisions"}],"predecessor-version":[{"id":12517,"href":"https:\/\/thir.com.br\/portal\/wp-json\/wp\/v2\/pages\/12404\/revisions\/12517"}],"wp:attachment":[{"href":"https:\/\/thir.com.br\/portal\/wp-json\/wp\/v2\/media?parent=12404"}],"curies":[{"name":"wp","href":"https:\/\/api.w.org\/{rel}","templated":true}]}}

Assistência Social

<p><a href="http://thir.com.br/portal/wp-content/uploads/2017/01/Banner_Social-1.jpg"><img loading="lazy" decoding="async" class="aligncenter wp-image-12402 size-full" src="http://thir.com.br/portal/wp-content/uploads/2017/01/Banner_Social-1.jpg" alt="" width="1140" height="400" srcset="https://thir.com.br/portal/wp-content/uploads/2017/01/Banner_Social-1.jpg 1140w, https://thir.com.br/portal/wp-content/uploads/2017/01/Banner_Social-1-300x105.jpg 300w, https://thir.com.br/portal/wp-content/uploads/2017/01/Banner_Social-1-768x269.jpg 768w, https://thir.com.br/portal/wp-content/uploads/2017/01/Banner_Social-1-1024x359.jpg 1024w, https://thir.com.br/portal/wp-content/uploads/2017/01/Banner_Social-1-500x175.jpg 500w" sizes="auto, (max-width: 1140px) 100vw, 1140px" /></a></p>
<p>&nbsp;</p>
<p>A Tenda dos Humildes de Isabel a Redentora, Thir, tem como base da sua egrégora, a caridade, sendo está realizada no âmbito espiritual ou material. Realizamos um trabalho social no qual arrecadamos alimentos não perecíveis e outras necessidades a instituições não governamentais, com o intuito de contribuir com a evolução espiritual daqueles que praticam a caridade e ajudar aqueles que clamam por ajuda.</p>
<p>Esse auxílio tem como objeto divulgar, centralizar as doações daqueles que anseiam ajudar ao próximo, contabilizar e formalizar a entrega, com todo esse processo sendo realizado de maneira transparente e acessível aos que desejam contribuir.</p>
<p>Atualmente auxiliamos com contribuições diversas a casa de apoio à criança com câncer São Vicente de Paulo, local onde fornecem hospedagem, alimento e condições saudáveis de manter crianças e familiares pelo que tempo que per durarem seus tratamentos e exames no Rio de Janeiro, não deixando faltar o essencial aqueles que já sofrem com suas perdas diárias e também ao Projeto Social Coração Solidário que é uma instituição não Governamental que apoia pessoas com deficiência física ou mental como paralisia cerebral, HIV, Câncer, Crianças, Adolescentes e Adultos com Derrame, além de famílias que ajudamos com alimentos não perecíveis, roupas.</p>
<p>&nbsp;</p>
<h4 style="text-align: center;"><strong>” A caridade é um exercício espiritual..Quem pratica o bem, coloca em movimento as forças da alma”</strong></h4>
<h4 style="text-align: center;"><strong>       Chico Xavier</strong></h4>

<p>&nbsp; A Tenda dos Humildes de Isabel a Redentora, Thir, tem como base da sua egrégora, a caridade, sendo está realizada no âmbito espiritual ou material. Realizamos um trabalho social no qual arrecadamos alimentos não perecíveis e outras necessidades a instituições não governamentais, com o intuito de contribuir com a evolução espiritual daqueles que praticam a caridade e ajudar aqueles que clamam por ajuda. Esse auxílio tem como objeto divulgar, centralizar as doações daqueles que anseiam ajudar ao próximo, contabilizar e formalizar a entrega, com todo esse processo sendo realizado de maneira transparente e acessível aos que desejam contribuir. Atualmente auxiliamos com contribuições diversas a casa de apoio à criança com câncer São Vicente de Paulo, local onde fornecem hospedagem, alimento e condições saudáveis de manter crianças e familiares pelo que tempo que per durarem seus tratamentos e exames no Rio de Janeiro, não deixando faltar o essencial aqueles que já sofrem com suas perdas diárias e também ao Projeto Social Coração Solidário que é uma instituição não Governamental que apoia pessoas com deficiência física ou mental como paralisia cerebral, HIV, Câncer, Crianças, Adolescentes e Adultos com Derrame, além de famílias que ajudamos com alimentos não perecíveis, roupas. &nbsp; ” A caridade é um exercício espiritual..Quem pratica o bem, coloca em movimento as forças da alma”        Chico Xavier</p>
