{"id":12195,"date":"2017-08-23T22:34:16","date_gmt":"2017-08-24T01:34:16","guid":{"rendered":"http:\/\/thir.com.br\/portal\/?page_id=12195"},"modified":"2017-08-24T22:46:18","modified_gmt":"2017-08-25T01:46:18","slug":"ogum","status":"publish","type":"page","link":"https:\/\/thir.com.br\/portal\/ogum\/","title":{"rendered":"Ogum"},"content":{"rendered":"<p><a href=\"http:\/\/thir.com.br\/portal\/wp-content\/uploads\/2017\/08\/Bannes_Ogun-1140x400.jpg\"><img loading=\"lazy\" decoding=\"async\" class=\"aligncenter wp-image-12196 size-full\" src=\"http:\/\/thir.com.br\/portal\/wp-content\/uploads\/2017\/08\/Bannes_Ogun-1140x400.jpg\" alt=\"\" width=\"1140\" height=\"400\" srcset=\"https:\/\/thir.com.br\/portal\/wp-content\/uploads\/2017\/08\/Bannes_Ogun-1140x400.jpg 1140w, https:\/\/thir.com.br\/portal\/wp-content\/uploads\/2017\/08\/Bannes_Ogun-1140x400-300x105.jpg 300w, https:\/\/thir.com.br\/portal\/wp-content\/uploads\/2017\/08\/Bannes_Ogun-1140x400-768x269.jpg 768w, https:\/\/thir.com.br\/portal\/wp-content\/uploads\/2017\/08\/Bannes_Ogun-1140x400-1024x359.jpg 1024w, https:\/\/thir.com.br\/portal\/wp-content\/uploads\/2017\/08\/Bannes_Ogun-1140x400-500x175.jpg 500w\" sizes=\"auto, (max-width: 1140px) 100vw, 1140px\" \/><\/a><\/p>\n<p>&nbsp;<\/p>\n<p>\u00c9 o guerreiro, general destemido e estrat\u00e9gico, \u00e9 aquele que veio para ser o vencedor das grandes batalhas, o desbravador que busca a evolu\u00e7\u00e3o. Defensor dos desamparados, segundo a lenda, Ogum andava pelo mundo comprando a causa dos indefesos, sempre muito justo e benevolente. Ele era o ferreiro dos orix\u00e1s, senhor das armas e dono das estradas. Irreverente, pois \u00e9 um orix\u00e1 valente, traz na espada tudo o que busca. \u00c9 o protetor dos policiais, ferreiros, escultores, caminhoneiros e todos os guerreiros.<\/p>\n<h3 style=\"text-align: center;\">O Arqu\u00e9tipo Filhos de Ogum<\/h3>\n<p>&nbsp;<\/p>\n<p><a href=\"http:\/\/thir.com.br\/portal\/wp-content\/uploads\/2017\/08\/45d9ea9b197f195baf48f08a9ce62818-2.jpg\"><img loading=\"lazy\" decoding=\"async\" class=\"wp-image-12365 size-medium alignleft\" src=\"http:\/\/thir.com.br\/portal\/wp-content\/uploads\/2017\/08\/45d9ea9b197f195baf48f08a9ce62818-2-300x300.jpg\" alt=\"\" width=\"300\" height=\"300\" srcset=\"https:\/\/thir.com.br\/portal\/wp-content\/uploads\/2017\/08\/45d9ea9b197f195baf48f08a9ce62818-2-300x300.jpg 300w, https:\/\/thir.com.br\/portal\/wp-content\/uploads\/2017\/08\/45d9ea9b197f195baf48f08a9ce62818-2-150x150.jpg 150w, https:\/\/thir.com.br\/portal\/wp-content\/uploads\/2017\/08\/45d9ea9b197f195baf48f08a9ce62818-2-500x500.jpg 500w, https:\/\/thir.com.br\/portal\/wp-content\/uploads\/2017\/08\/45d9ea9b197f195baf48f08a9ce62818-2-180x180.jpg 180w, https:\/\/thir.com.br\/portal\/wp-content\/uploads\/2017\/08\/45d9ea9b197f195baf48f08a9ce62818-2.jpg 564w\" sizes=\"auto, (max-width: 300px) 100vw, 300px\" \/><\/a><\/p>\n<p>&nbsp;<\/p>\n<p>S\u00e3o pessoas violentas, briguentas e impulsivas, incapaz de perdoarem as ofensas de que foram vitimas. Das pessoas que perseguem energeticamente seus objetivos e n\u00e3o se desencorajam facilmente. Daquelas que nos momentos dif\u00edceis triunfam onde qualquer outro teria abandonado o combate e perdido toda a esperan\u00e7a. Das que possuem humor mut\u00e1vel, passando de furiosos acessos de raiva ao mais tranquilo comportamentos. Finalmente, \u00e9 o arqu\u00e9tipo das pessoas impetuosas e arrogantes, daquelas que se arriscam a melindrar os outros por uma certa falta de descri\u00e7\u00e3o quando lhe prestam servi\u00e7os, mas que, devido \u00e1 sinceridade e franqueza de suas inten\u00e7\u00f5es, tornam-se dif\u00edceis de odiar.<\/p>\n<hr \/>\n<h4><\/h4>\n<h4><\/h4>\n<h4><\/h4>\n<h4 style=\"text-align: center;\">Sincretismo Cat\u00f3lico Religioso<\/h4>\n<h4 style=\"text-align: center;\">S\u00e3o Jorge \u2013 Rio de Janeiro, S\u00e3o Paulo e Rio Grande do Sul<\/h4>\n<h4 style=\"text-align: center;\">Na Bahia \u2013 \u00a0Santo Ant\u00f4nio de P\u00e1dua<\/h4>\n<p>&nbsp;<\/p>\n<p style=\"text-align: center;\"><a href=\"http:\/\/thir.com.br\/portal\/wp-content\/uploads\/2017\/08\/11176262_443289795838789_1539071268_n.jpg\"><img loading=\"lazy\" decoding=\"async\" class=\"wp-image-12201 alignleft\" src=\"http:\/\/thir.com.br\/portal\/wp-content\/uploads\/2017\/08\/11176262_443289795838789_1539071268_n.jpg\" alt=\"\" width=\"332\" height=\"332\" srcset=\"https:\/\/thir.com.br\/portal\/wp-content\/uploads\/2017\/08\/11176262_443289795838789_1539071268_n.jpg 640w, https:\/\/thir.com.br\/portal\/wp-content\/uploads\/2017\/08\/11176262_443289795838789_1539071268_n-150x150.jpg 150w, https:\/\/thir.com.br\/portal\/wp-content\/uploads\/2017\/08\/11176262_443289795838789_1539071268_n-300x300.jpg 300w, https:\/\/thir.com.br\/portal\/wp-content\/uploads\/2017\/08\/11176262_443289795838789_1539071268_n-500x500.jpg 500w, https:\/\/thir.com.br\/portal\/wp-content\/uploads\/2017\/08\/11176262_443289795838789_1539071268_n-180x180.jpg 180w, https:\/\/thir.com.br\/portal\/wp-content\/uploads\/2017\/08\/11176262_443289795838789_1539071268_n-600x600.jpg 600w\" sizes=\"auto, (max-width: 332px) 100vw, 332px\" \/><\/a> \u00a0 \u00a0 \u00a0 \u00a0 <strong>Ora\u00e7\u00e3o a S\u00e3o Jorge<\/strong><\/p>\n<div class=\"panel-body\">\u00a0Eu andarei vestido e armado com as armas de S\u00e3o Jorge para que meus inimigos, tendo p\u00e9s n\u00e3o me alcancem, tendo m\u00e3os n\u00e3o me peguem, tendo olhos n\u00e3o me vejam, e nem em pensamentos eles possam me fazer mal. Armas de fogo o meu corpo n\u00e3o alcan\u00e7ar\u00e3o, facas e lan\u00e7as se quebrem sem o meu corpo tocar, cordas e correntes se arrebentem sem o meu corpo amarrar. Jesus Cristo, me proteja e me defenda com o poder de sua santa e divina gra\u00e7a, Virgem de Nazar\u00e9, me cubra com o seu manto sagrado e divino, protegendo-me em todas as minhas dores e afli\u00e7\u00f5es, e Deus, com sua divina miseric\u00f3rdia e grande poder, seja meu defensor contra as maldades e persegui\u00e7\u00f5es dos meu inimigos. Glorioso S\u00e3o Jorge, em nome de Deus, estenda-me o seu escudo e as suas poderosas armas, defendendo-me com a sua for\u00e7a e com a sua grandeza, e que debaixo das patas de seu fiel ginete meus inimigos fiquem humildes e submissos a v\u00f3s. Assim seja com o poder de Deus, de Jesus e da falange do Divino Esp\u00edrito Santo. S\u00e3o Jorge Rogai por N\u00f3s.<\/div>\n<div class=\"panel-body\">\u00a0Am\u00e9m\u201d<\/div>\n<p>&nbsp;<\/p>\n","protected":false},"excerpt":{"rendered":"<p>&nbsp; \u00c9 o guerreiro, general destemido e estrat\u00e9gico, \u00e9 aquele que veio para ser o vencedor das grandes batalhas, o desbravador que busca a evolu\u00e7\u00e3o. Defensor dos desamparados, segundo a lenda, Ogum andava pelo mundo comprando a causa dos indefesos, sempre muito justo e benevolente. Ele era o ferreiro dos orix\u00e1s, senhor das armas e dono das estradas. Irreverente, pois \u00e9 um orix\u00e1 valente, traz na espada tudo o que busca. \u00c9 o protetor dos policiais, ferreiros, escultores, caminhoneiros e todos os guerreiros. O Arqu\u00e9tipo Filhos de Ogum &nbsp; &nbsp; S\u00e3o pessoas violentas, briguentas e impulsivas, incapaz de perdoarem as ofensas de que foram vitimas. Das pessoas que perseguem energeticamente seus objetivos e n\u00e3o se desencorajam facilmente. Daquelas que nos momentos dif\u00edceis triunfam onde qualquer outro teria abandonado o combate e perdido toda a esperan\u00e7a. Das que possuem humor mut\u00e1vel, passando de furiosos acessos de raiva ao mais tranquilo comportamentos. Finalmente, \u00e9 o arqu\u00e9tipo das pessoas impetuosas e arrogantes, daquelas que se arriscam a melindrar os outros por uma certa falta de descri\u00e7\u00e3o quando lhe prestam servi\u00e7os, mas que, devido \u00e1 sinceridade e franqueza de suas inten\u00e7\u00f5es, tornam-se dif\u00edceis de odiar. Sincretismo Cat\u00f3lico Religioso S\u00e3o Jorge \u2013 Rio de Janeiro, S\u00e3o Paulo e Rio Grande do Sul Na Bahia \u2013 \u00a0Santo Ant\u00f4nio de P\u00e1dua &nbsp; \u00a0 \u00a0 \u00a0 \u00a0 Ora\u00e7\u00e3o a S\u00e3o Jorge \u00a0Eu andarei vestido e armado com as armas de S\u00e3o Jorge para que meus inimigos, tendo p\u00e9s n\u00e3o me alcancem, tendo m\u00e3os n\u00e3o me peguem, tendo olhos n\u00e3o me vejam, e nem em pensamentos eles possam me fazer mal. Armas de fogo o meu corpo n\u00e3o alcan\u00e7ar\u00e3o, facas e lan\u00e7as se quebrem sem o meu corpo tocar, cordas e correntes se arrebentem sem o meu corpo amarrar. Jesus Cristo, me proteja e me defenda com o poder&#8230; <\/p>\n<p><a class=\"readmore\" href=\"https:\/\/thir.com.br\/portal\/ogum\/\">Continue lendo&#8230;<\/a><\/p>\n","protected":false},"author":3,"featured_media":0,"parent":0,"menu_order":0,"comment_status":"closed","ping_status":"closed","template":"","meta":{"footnotes":""},"class_list":["post-12195","page","type-page","status-publish","hentry"],"_links":{"self":[{"href":"https:\/\/thir.com.br\/portal\/wp-json\/wp\/v2\/pages\/12195","targetHints":{"allow":["GET"]}}],"collection":[{"href":"https:\/\/thir.com.br\/portal\/wp-json\/wp\/v2\/pages"}],"about":[{"href":"https:\/\/thir.com.br\/portal\/wp-json\/wp\/v2\/types\/page"}],"author":[{"embeddable":true,"href":"https:\/\/thir.com.br\/portal\/wp-json\/wp\/v2\/users\/3"}],"replies":[{"embeddable":true,"href":"https:\/\/thir.com.br\/portal\/wp-json\/wp\/v2\/comments?post=12195"}],"version-history":[{"count":12,"href":"https:\/\/thir.com.br\/portal\/wp-json\/wp\/v2\/pages\/12195\/revisions"}],"predecessor-version":[{"id":12368,"href":"https:\/\/thir.com.br\/portal\/wp-json\/wp\/v2\/pages\/12195\/revisions\/12368"}],"wp:attachment":[{"href":"https:\/\/thir.com.br\/portal\/wp-json\/wp\/v2\/media?parent=12195"}],"curies":[{"name":"wp","href":"https:\/\/api.w.org\/{rel}","templated":true}]}}

<p><a href="http://thir.com.br/portal/wp-content/uploads/2017/08/Bannes_Ogun-1140x400.jpg"><img loading="lazy" decoding="async" class="aligncenter wp-image-12196 size-full" src="http://thir.com.br/portal/wp-content/uploads/2017/08/Bannes_Ogun-1140x400.jpg" alt="" width="1140" height="400" srcset="https://thir.com.br/portal/wp-content/uploads/2017/08/Bannes_Ogun-1140x400.jpg 1140w, https://thir.com.br/portal/wp-content/uploads/2017/08/Bannes_Ogun-1140x400-300x105.jpg 300w, https://thir.com.br/portal/wp-content/uploads/2017/08/Bannes_Ogun-1140x400-768x269.jpg 768w, https://thir.com.br/portal/wp-content/uploads/2017/08/Bannes_Ogun-1140x400-1024x359.jpg 1024w, https://thir.com.br/portal/wp-content/uploads/2017/08/Bannes_Ogun-1140x400-500x175.jpg 500w" sizes="auto, (max-width: 1140px) 100vw, 1140px" /></a></p>
<p>&nbsp;</p>
<p>É o guerreiro, general destemido e estratégico, é aquele que veio para ser o vencedor das grandes batalhas, o desbravador que busca a evolução. Defensor dos desamparados, segundo a lenda, Ogum andava pelo mundo comprando a causa dos indefesos, sempre muito justo e benevolente. Ele era o ferreiro dos orixás, senhor das armas e dono das estradas. Irreverente, pois é um orixá valente, traz na espada tudo o que busca. É o protetor dos policiais, ferreiros, escultores, caminhoneiros e todos os guerreiros.</p>
<h3 style="text-align: center;">O Arquétipo Filhos de Ogum</h3>
<p>&nbsp;</p>
<p><a href="http://thir.com.br/portal/wp-content/uploads/2017/08/45d9ea9b197f195baf48f08a9ce62818-2.jpg"><img loading="lazy" decoding="async" class="wp-image-12365 size-medium alignleft" src="http://thir.com.br/portal/wp-content/uploads/2017/08/45d9ea9b197f195baf48f08a9ce62818-2-300x300.jpg" alt="" width="300" height="300" srcset="https://thir.com.br/portal/wp-content/uploads/2017/08/45d9ea9b197f195baf48f08a9ce62818-2-300x300.jpg 300w, https://thir.com.br/portal/wp-content/uploads/2017/08/45d9ea9b197f195baf48f08a9ce62818-2-150x150.jpg 150w, https://thir.com.br/portal/wp-content/uploads/2017/08/45d9ea9b197f195baf48f08a9ce62818-2-500x500.jpg 500w, https://thir.com.br/portal/wp-content/uploads/2017/08/45d9ea9b197f195baf48f08a9ce62818-2-180x180.jpg 180w, https://thir.com.br/portal/wp-content/uploads/2017/08/45d9ea9b197f195baf48f08a9ce62818-2.jpg 564w" sizes="auto, (max-width: 300px) 100vw, 300px" /></a></p>
<p>&nbsp;</p>
<p>São pessoas violentas, briguentas e impulsivas, incapaz de perdoarem as ofensas de que foram vitimas. Das pessoas que perseguem energeticamente seus objetivos e não se desencorajam facilmente. Daquelas que nos momentos difíceis triunfam onde qualquer outro teria abandonado o combate e perdido toda a esperança. Das que possuem humor mutável, passando de furiosos acessos de raiva ao mais tranquilo comportamentos. Finalmente, é o arquétipo das pessoas impetuosas e arrogantes, daquelas que se arriscam a melindrar os outros por uma certa falta de descrição quando lhe prestam serviços, mas que, devido á sinceridade e franqueza de suas intenções, tornam-se difíceis de odiar.</p>
<hr />
<h4></h4>
<h4></h4>
<h4></h4>
<h4 style="text-align: center;">Sincretismo Católico Religioso</h4>
<h4 style="text-align: center;">São Jorge – Rio de Janeiro, São Paulo e Rio Grande do Sul</h4>
<h4 style="text-align: center;">Na Bahia –  Santo Antônio de Pádua</h4>
<p>&nbsp;</p>
<p style="text-align: center;"><a href="http://thir.com.br/portal/wp-content/uploads/2017/08/11176262_443289795838789_1539071268_n.jpg"><img loading="lazy" decoding="async" class="wp-image-12201 alignleft" src="http://thir.com.br/portal/wp-content/uploads/2017/08/11176262_443289795838789_1539071268_n.jpg" alt="" width="332" height="332" srcset="https://thir.com.br/portal/wp-content/uploads/2017/08/11176262_443289795838789_1539071268_n.jpg 640w, https://thir.com.br/portal/wp-content/uploads/2017/08/11176262_443289795838789_1539071268_n-150x150.jpg 150w, https://thir.com.br/portal/wp-content/uploads/2017/08/11176262_443289795838789_1539071268_n-300x300.jpg 300w, https://thir.com.br/portal/wp-content/uploads/2017/08/11176262_443289795838789_1539071268_n-500x500.jpg 500w, https://thir.com.br/portal/wp-content/uploads/2017/08/11176262_443289795838789_1539071268_n-180x180.jpg 180w, https://thir.com.br/portal/wp-content/uploads/2017/08/11176262_443289795838789_1539071268_n-600x600.jpg 600w" sizes="auto, (max-width: 332px) 100vw, 332px" /></a>         <strong>Oração a São Jorge</strong></p>
<div class="panel-body"> Eu andarei vestido e armado com as armas de São Jorge para que meus inimigos, tendo pés não me alcancem, tendo mãos não me peguem, tendo olhos não me vejam, e nem em pensamentos eles possam me fazer mal. Armas de fogo o meu corpo não alcançarão, facas e lanças se quebrem sem o meu corpo tocar, cordas e correntes se arrebentem sem o meu corpo amarrar. Jesus Cristo, me proteja e me defenda com o poder de sua santa e divina graça, Virgem de Nazaré, me cubra com o seu manto sagrado e divino, protegendo-me em todas as minhas dores e aflições, e Deus, com sua divina misericórdia e grande poder, seja meu defensor contra as maldades e perseguições dos meu inimigos. Glorioso São Jorge, em nome de Deus, estenda-me o seu escudo e as suas poderosas armas, defendendo-me com a sua força e com a sua grandeza, e que debaixo das patas de seu fiel ginete meus inimigos fiquem humildes e submissos a vós. Assim seja com o poder de Deus, de Jesus e da falange do Divino Espírito Santo. São Jorge Rogai por Nós.</div>
<div class="panel-body"> Amém”</div>
<p>&nbsp;</p>

<p>&nbsp; É o guerreiro, general destemido e estratégico, é aquele que veio para ser o vencedor das grandes batalhas, o desbravador que busca a evolução. Defensor dos desamparados, segundo a lenda, Ogum andava pelo mundo comprando a causa dos indefesos, sempre muito justo e benevolente. Ele era o ferreiro dos orixás, senhor das armas e dono das estradas. Irreverente, pois é um orixá valente, traz na espada tudo o que busca. É o protetor dos policiais, ferreiros, escultores, caminhoneiros e todos os guerreiros. O Arquétipo Filhos de Ogum &nbsp; &nbsp; São pessoas violentas, briguentas e impulsivas, incapaz de perdoarem as ofensas de que foram vitimas. Das pessoas que perseguem energeticamente seus objetivos e não se desencorajam facilmente. Daquelas que nos momentos difíceis triunfam onde qualquer outro teria abandonado o combate e perdido toda a esperança. Das que possuem humor mutável, passando de furiosos acessos de raiva ao mais tranquilo comportamentos. Finalmente, é o arquétipo das pessoas impetuosas e arrogantes, daquelas que se arriscam a melindrar os outros por uma certa falta de descrição quando lhe prestam serviços, mas que, devido á sinceridade e franqueza de suas intenções, tornam-se difíceis de odiar. Sincretismo Católico Religioso São Jorge – Rio de Janeiro, São Paulo e Rio Grande do Sul Na Bahia –  Santo Antônio de Pádua &nbsp;         Oração a São Jorge  Eu andarei vestido e armado com as armas de São Jorge para que meus inimigos, tendo pés não me alcancem, tendo mãos não me peguem, tendo olhos não me vejam, e nem em pensamentos eles possam me fazer mal. Armas de fogo o meu corpo não alcançarão, facas e lanças se quebrem sem o meu corpo tocar, cordas e correntes se arrebentem sem o meu corpo amarrar. Jesus Cristo, me proteja e me defenda com o poder&#8230; </p>
<p><a class="readmore" href="https://thir.com.br/portal/ogum/">Continue lendo&#8230;</a></p>
