{"id":12168,"date":"2017-08-23T17:54:38","date_gmt":"2017-08-23T20:54:38","guid":{"rendered":"http:\/\/thir.com.br\/portal\/?page_id=12168"},"modified":"2017-08-25T12:18:45","modified_gmt":"2017-08-25T15:18:45","slug":"povo-da-malandragem","status":"publish","type":"page","link":"https:\/\/thir.com.br\/portal\/povo-da-malandragem\/","title":{"rendered":"Povo da Malandragem"},"content":{"rendered":"<p><a href=\"http:\/\/thir.com.br\/portal\/wp-content\/uploads\/2017\/08\/974ba0af97146f02c4254c5f2de702a2.jpg\"><img loading=\"lazy\" decoding=\"async\" class=\"aligncenter wp-image-12417 size-full\" src=\"http:\/\/thir.com.br\/portal\/wp-content\/uploads\/2017\/08\/974ba0af97146f02c4254c5f2de702a2.jpg\" alt=\"\" width=\"1409\" height=\"709\" srcset=\"https:\/\/thir.com.br\/portal\/wp-content\/uploads\/2017\/08\/974ba0af97146f02c4254c5f2de702a2.jpg 1409w, https:\/\/thir.com.br\/portal\/wp-content\/uploads\/2017\/08\/974ba0af97146f02c4254c5f2de702a2-300x151.jpg 300w, https:\/\/thir.com.br\/portal\/wp-content\/uploads\/2017\/08\/974ba0af97146f02c4254c5f2de702a2-768x386.jpg 768w, https:\/\/thir.com.br\/portal\/wp-content\/uploads\/2017\/08\/974ba0af97146f02c4254c5f2de702a2-1024x515.jpg 1024w, https:\/\/thir.com.br\/portal\/wp-content\/uploads\/2017\/08\/974ba0af97146f02c4254c5f2de702a2-500x252.jpg 500w\" sizes=\"auto, (max-width: 1409px) 100vw, 1409px\" \/><\/a><\/p>\n<p>Trabalham dentro da Linha de Esquerda em alguns terreiros de Umbanda (n\u00e3o todos) e s\u00e3o tratados muitas vezes como Ex\u00fas,mas os malandros\u00a0n\u00e3o s\u00e3o Ex\u00fas\u00a0de fato. Essa ideia existe porque quando n\u00e3o s\u00e3o homenageados em festas ou sess\u00f5es particulares, manifestam-se tranquilamente nas sess\u00f5es de Exu e parecem um deles.<\/p>\n<p>Os Malandros s\u00e3o esp\u00edritos que tem suas pr\u00f3prias caracter\u00edsticas e jeito de manifestar e falar\u00a0bem diferentes dos Ex\u00fas. Pode-se citar alguns nomes a mais conhecida falange deles a do Z\u00e9 Pelintra, mas tem tamb\u00e9m\u00a0Z\u00e9\u00a0Malandro,\u00a0Z\u00e9 do Coco, Z\u00e9 da Luz, Z\u00e9 de L\u00e9gua, Z\u00e9 Moreno, Z\u00e9 Pereira, Z\u00e9 Pretinho, Malandrinho, Camisa Listrada, e outros.<\/p>\n<p>S\u00e3o cordiais, alegres, dan\u00e7am a maior parte do tempo quando se apresentam, usam chap\u00e9us ao estilo Panam\u00e1 e sua tradicional vestimenta: Cal\u00e7a Branca, sapato branco (ou branco e vermelho),seu terno branco, sua gravata vermelha, seu chap\u00e9u branco com uma fita vermelha ou chap\u00e9u de palha e finalmente sua bengala,\u00a0 mas a maioria\u00a0\u00a0gosta mesmo \u00e9 de roupas leves, camisas de seda. Bebem de tudo, da Cacha\u00e7a ao Whisky,\u00a0fumam na maioria das vezes cigarros, mas utilizam tamb\u00e9m o charuto.<\/p>\n<p>Gostam de dan\u00e7ar gingando as pernas e corpo como se fosse parecido com a gafieira.\u00a0Pode-se notar o apelo popular e a simplicidade das palavras e dos termos com os quais s\u00e3o compostos\u00a0os pontos e cantigas dessas entidades. Assim \u00e9 o malandro, simples, amigo, leal, verdadeiro.<\/p>\n<p>Se voc\u00ea pensa que pode engan\u00e1-lo, ele o desmascara sem a menor cerim\u00f4nia na frente de todos.\u00a0Apesar da figura do malandro, do jogador, do arruaceiro, detesta que fa\u00e7am mal ou enganem aos demais.<\/p>\n<p>Podem se envolver com qualquer tipo de assunto e t\u00eam capacidade espiritual bastante elevada para resolv\u00ea-los, podem curar, desamarrar, desmanchar, como podem proteger e abrir caminhos. T\u00eam sempre grandes amigos entre os que os v\u00e3o visitar em suas sess\u00f5es ou festas. Gosta muito de ser agradado com presentes, festas, ter sua roupa completa e \u00e9 muito vaidoso.<\/p>\n<p>Existem tamb\u00e9m as manifesta\u00e7\u00f5es femininas da malandragem, a Maria Navalha \u00e9 um bom exemplo.<\/p>\n<p>Manifesta-se com as caracter\u00edsticas semelhantes aos malandros, dan\u00e7a gingando ou sambando, bebe e fuma da mesma maneira.<br \/>\nApesar do aspecto, demonstram sempre muita feminilidade, s\u00e3o vaidosas, gostam de presentes bonitos, de flores principalmente vermelhas<br \/>\ne vestem-se sempre muito bem.<\/p>\n<p>Seu ponto de for\u00e7a \u00e9 na subida de morros, esquinas, encruzilhadas e at\u00e9 em cemit\u00e9rios, pois ele trabalha muito com as almas, assim como \u00e9 de caracter\u00edstica na linha dos pretos velhos e Exus. Sua imagem costuma ficar na\u00a0porta de entrada dos terreiros, pois ele tamb\u00e9m toma conta das portas, das entradas\u00a0\u00a0etc.<\/p>\n<p>\u00c9 muito conhecido por sua irrever\u00eancia, suas guias podem ser de v\u00e1rios tipos, desde coquinhos com olho de Exu, at\u00e9 vermelho e preto, vermelho e branco ou preto e branco.<\/p>\n<p>Os Malandros v\u00eam at\u00e9 n\u00f3s, pelas M\u00e3os do Alto, para nos ensinar \u201ca boa malandragem\u201d: fazer limonada com os lim\u00f5es azedos que recebemos dos outros; escorregar e levantar rapidinho, sem perder a compostura e a eleg\u00e2ncia, e j\u00e1 sair dan\u00e7ando e cantando; aprender jogar \u201co jogo da vida\u201d e ser um bom parceiro de jogo, aprendendo a rir das tristezas e de si mesmo; assumir ser o que se \u00e9, sem hipocrisias, e fazer todo o Bem que se possa; n\u00e3o se prender a padr\u00f5es e valores externos, mas ficar centrado em si mesmo e na sua F\u00e9, sem nunca desacreditar da Vida Maior, cujo amparo permeia todos os nossos caminhos di\u00e1rios.<\/p>\n<p>Pensar que os Malandros podem nos ensinar tudo isso brincando, de um jeito t\u00e3o despojado, \u00e9 o bastante para se quebrar velho ditado que dizia: \u201dde onde n\u00e3o se espera \u00e9 que n\u00e3o sai nada\u201d. Porque as apar\u00eancias enganam!\u2026 \u00a0 Ent\u00e3o, n\u00e3o vamos viver de apar\u00eancias e nem pelas apar\u00eancias. Vamos viver a vida com Amor, Respeito e F\u00e9.<\/p>\n<p>Vamos acreditar em nosso poder interior, que \u00e9 Deus em n\u00f3s. Vamos aprender a nos centrar e a nos conhecer intimamente, despertando nossas capacidades e valores acumulados ao longo desta e de outras encarna\u00e7\u00f5es e que ainda dormem dentro de n\u00f3s, mas que podem ser despertados pelo nosso querer, por nossa vontade de superar as dificuldades, por nossa firme determina\u00e7\u00e3o de curar nossos pensamentos menos felizes e de encontrar respostas para as nossas necessidades, para enfim chegarmos a um caminho de felicidade, aqui e agora !<\/p>\n<p><em>Salve a Malandragem!<\/em><\/p>\n<p>&nbsp;<\/p>\n<p>&nbsp;<\/p>\n<p>&nbsp;<\/p>\n<p>&nbsp;<\/p>\n<pre>Fonte:https:\/\/lilamenez.wordpress.com\/category\/ze-pilintra\/<\/pre>\n<p>&nbsp;<\/p>\n<p>&nbsp;<\/p>\n","protected":false},"excerpt":{"rendered":"<p>Trabalham dentro da Linha de Esquerda em alguns terreiros de Umbanda (n\u00e3o todos) e s\u00e3o tratados muitas vezes como Ex\u00fas,mas os malandros\u00a0n\u00e3o s\u00e3o Ex\u00fas\u00a0de fato. Essa ideia existe porque quando n\u00e3o s\u00e3o homenageados em festas ou sess\u00f5es particulares, manifestam-se tranquilamente nas sess\u00f5es de Exu e parecem um deles. Os Malandros s\u00e3o esp\u00edritos que tem suas pr\u00f3prias caracter\u00edsticas e jeito de manifestar e falar\u00a0bem diferentes dos Ex\u00fas. Pode-se citar alguns nomes a mais conhecida falange deles a do Z\u00e9 Pelintra, mas tem tamb\u00e9m\u00a0Z\u00e9\u00a0Malandro,\u00a0Z\u00e9 do Coco, Z\u00e9 da Luz, Z\u00e9 de L\u00e9gua, Z\u00e9 Moreno, Z\u00e9 Pereira, Z\u00e9 Pretinho, Malandrinho, Camisa Listrada, e outros. S\u00e3o cordiais, alegres, dan\u00e7am a maior parte do tempo quando se apresentam, usam chap\u00e9us ao estilo Panam\u00e1 e sua tradicional vestimenta: Cal\u00e7a Branca, sapato branco (ou branco e vermelho),seu terno branco, sua gravata vermelha, seu chap\u00e9u branco com uma fita vermelha ou chap\u00e9u de palha e finalmente sua bengala,\u00a0 mas a maioria\u00a0\u00a0gosta mesmo \u00e9 de roupas leves, camisas de seda. Bebem de tudo, da Cacha\u00e7a ao Whisky,\u00a0fumam na maioria das vezes cigarros, mas utilizam tamb\u00e9m o charuto. Gostam de dan\u00e7ar gingando as pernas e corpo como se fosse parecido com a gafieira.\u00a0Pode-se notar o apelo popular e a simplicidade das palavras e dos termos com os quais s\u00e3o compostos\u00a0os pontos e cantigas dessas entidades. Assim \u00e9 o malandro, simples, amigo, leal, verdadeiro. Se voc\u00ea pensa que pode engan\u00e1-lo, ele o desmascara sem a menor cerim\u00f4nia na frente de todos.\u00a0Apesar da figura do malandro, do jogador, do arruaceiro, detesta que fa\u00e7am mal ou enganem aos demais. Podem se envolver com qualquer tipo de assunto e t\u00eam capacidade espiritual bastante elevada para resolv\u00ea-los, podem curar, desamarrar, desmanchar, como podem proteger e abrir caminhos. T\u00eam sempre grandes amigos entre os que os v\u00e3o visitar em suas sess\u00f5es ou festas. Gosta muito de&#8230; <\/p>\n<p><a class=\"readmore\" href=\"https:\/\/thir.com.br\/portal\/povo-da-malandragem\/\">Continue lendo&#8230;<\/a><\/p>\n","protected":false},"author":3,"featured_media":0,"parent":0,"menu_order":0,"comment_status":"closed","ping_status":"closed","template":"","meta":{"footnotes":""},"class_list":["post-12168","page","type-page","status-publish","hentry"],"_links":{"self":[{"href":"https:\/\/thir.com.br\/portal\/wp-json\/wp\/v2\/pages\/12168","targetHints":{"allow":["GET"]}}],"collection":[{"href":"https:\/\/thir.com.br\/portal\/wp-json\/wp\/v2\/pages"}],"about":[{"href":"https:\/\/thir.com.br\/portal\/wp-json\/wp\/v2\/types\/page"}],"author":[{"embeddable":true,"href":"https:\/\/thir.com.br\/portal\/wp-json\/wp\/v2\/users\/3"}],"replies":[{"embeddable":true,"href":"https:\/\/thir.com.br\/portal\/wp-json\/wp\/v2\/comments?post=12168"}],"version-history":[{"count":7,"href":"https:\/\/thir.com.br\/portal\/wp-json\/wp\/v2\/pages\/12168\/revisions"}],"predecessor-version":[{"id":12419,"href":"https:\/\/thir.com.br\/portal\/wp-json\/wp\/v2\/pages\/12168\/revisions\/12419"}],"wp:attachment":[{"href":"https:\/\/thir.com.br\/portal\/wp-json\/wp\/v2\/media?parent=12168"}],"curies":[{"name":"wp","href":"https:\/\/api.w.org\/{rel}","templated":true}]}}