{"id":12150,"date":"2017-08-23T16:38:14","date_gmt":"2017-08-23T19:38:14","guid":{"rendered":"http:\/\/thir.com.br\/portal\/?page_id=12150"},"modified":"2017-08-25T15:33:44","modified_gmt":"2017-08-25T18:33:44","slug":"os-ibejis-as-criancas-de-umbanda","status":"publish","type":"page","link":"https:\/\/thir.com.br\/portal\/os-ibejis-as-criancas-de-umbanda\/","title":{"rendered":"Os Ibejis \u2013 As Crian\u00e7as de Umbanda"},"content":{"rendered":"<p><a href=\"http:\/\/thir.com.br\/portal\/wp-content\/uploads\/2017\/08\/3216ae61cebbdcfbfb0e79ace9ff55ab.jpg\"><img loading=\"lazy\" decoding=\"async\" class=\"aligncenter wp-image-12437 size-full\" src=\"http:\/\/thir.com.br\/portal\/wp-content\/uploads\/2017\/08\/3216ae61cebbdcfbfb0e79ace9ff55ab.jpg\" alt=\"\" width=\"1412\" height=\"507\" srcset=\"https:\/\/thir.com.br\/portal\/wp-content\/uploads\/2017\/08\/3216ae61cebbdcfbfb0e79ace9ff55ab.jpg 1412w, https:\/\/thir.com.br\/portal\/wp-content\/uploads\/2017\/08\/3216ae61cebbdcfbfb0e79ace9ff55ab-300x108.jpg 300w, https:\/\/thir.com.br\/portal\/wp-content\/uploads\/2017\/08\/3216ae61cebbdcfbfb0e79ace9ff55ab-768x276.jpg 768w, https:\/\/thir.com.br\/portal\/wp-content\/uploads\/2017\/08\/3216ae61cebbdcfbfb0e79ace9ff55ab-1024x368.jpg 1024w, https:\/\/thir.com.br\/portal\/wp-content\/uploads\/2017\/08\/3216ae61cebbdcfbfb0e79ace9ff55ab-500x180.jpg 500w\" sizes=\"auto, (max-width: 1412px) 100vw, 1412px\" \/><\/a><\/p>\n<p>S\u00e3o Cosme e S\u00e3o Dami\u00e3o s\u00e3o Entidades ligadas muito estreitamente a Oxal\u00e1, s\u00e3o um de seus bra\u00e7os de luz espiritual sobre o mundo. Possuem for\u00e7a suficiente para atender a nossos apelos de prote\u00e7\u00e3o contra demandas e malef\u00edcios e a nossos pedidos de amparo e prote\u00e7\u00e3o para as crian\u00e7as, principalmente quando estas se encontram enfermas.<\/p>\n<p>S\u00e3o Entidades puras, extremamente positivas, amorosas e caridosas, a servi\u00e7o do bem, mant\u00e9m dist\u00e2ncia de pessoas interesseiras, invejosas, de pensamentos negativos, maldosos, perversos, ego\u00edstas e vingativos, apesar de tamb\u00e9m serem vigorosos e fortes combatentes do mal.<\/p>\n<p>As Entidades que trabalham nessa linha s\u00e3o esp\u00edritos de crian\u00e7as que tamb\u00e9m s\u00e3o chamadas de Er\u00eas. S\u00e3o porta-vozes das mensagens dos Orix\u00e1s atrav\u00e9s de suas palavras de carinho e pureza. Comumente se apresentam em alguns Templos quando da homenagem a um Orix\u00e1 ou mesmo a uma Entidade, quando esta n\u00e3o se apresenta, trazendo mensagens profundas e mesmo complexas, no intuito de orienta\u00e7\u00e3o, esclarecimento e do toque da sensibilidade e do \u00edntimo das pessoas.<\/p>\n<p>Apresentam gestos e voz de crian\u00e7a e transmitem irradia\u00e7\u00f5es muito fortes e puras de sentida e percebida intensidade, portanto tem muita facilidade de atua\u00e7\u00e3o na cura de dores, dos males f\u00edsicos, da mente e da alma.<\/p>\n<p>Eles v\u00e3o, com suas conversas inocentes envolvendo os consulentes, sutilmente trabalhando seu \u00edntimo, regenerando seus Chacras para reequilibr\u00e1-los, eles conseguem penetrar em nosso \u00edntimo e identificar nossas ang\u00fastias, nossos sofrimentos, nossas emo\u00e7\u00f5es. Seus trabalhos, al\u00e9m da grande for\u00e7a espiritual que j\u00e1 trazem, tamb\u00e9m recebe todo um respaldo do plano espiritual de luz, o que os torna ainda mais fortes e capazes, portanto se diz que, o que um Er\u00ea fez, somente um Er\u00ea tem o poder de tirar.<\/p>\n<p>Seu dia na Umbanda \u00e9 27 de setembro, a entrega em homenagem a Cosme e Dami\u00e3o com doces, balas, pirulitos, cocadas, guaran\u00e1. Seus dom\u00ednios, ambientes naturais de manifesta\u00e7\u00e3o e atua\u00e7\u00e3o s\u00e3o em jardins, parques, extensos gramados, cachoeiras, praias, locais com muitos recursos naturais, riachos e rios calmos, campos na florada. S\u00e3o esp\u00edritos de grande for\u00e7a espiritual, totalmente contr\u00e1ria \u00e0 figura que se tem de uma crian\u00e7a. Julga-los fr\u00e1geis e fracos e de fato um grande erro, pois depois de Oxal\u00e1 s\u00e3o os \u00fanicos que dominam totalmente as fontes de energia da natureza, do poder m\u00e1gico dos sentimentos e vibra\u00e7\u00f5es mais puras de luz intensa.<\/p>\n<p>&nbsp;<\/p>\n<p>&nbsp;<\/p>\n<p>&nbsp;<\/p>\n<p>&nbsp;<\/p>\n<pre>Fonte:http:\/\/www.caboclopenaverde.com.br\/index.php\/tema-da-semana\/130-cosme-damiao-e-doum-ibeji-eres-criancas<\/pre>\n","protected":false},"excerpt":{"rendered":"<p>S\u00e3o Cosme e S\u00e3o Dami\u00e3o s\u00e3o Entidades ligadas muito estreitamente a Oxal\u00e1, s\u00e3o um de seus bra\u00e7os de luz espiritual sobre o mundo. Possuem for\u00e7a suficiente para atender a nossos apelos de prote\u00e7\u00e3o contra demandas e malef\u00edcios e a nossos pedidos de amparo e prote\u00e7\u00e3o para as crian\u00e7as, principalmente quando estas se encontram enfermas. S\u00e3o Entidades puras, extremamente positivas, amorosas e caridosas, a servi\u00e7o do bem, mant\u00e9m dist\u00e2ncia de pessoas interesseiras, invejosas, de pensamentos negativos, maldosos, perversos, ego\u00edstas e vingativos, apesar de tamb\u00e9m serem vigorosos e fortes combatentes do mal. As Entidades que trabalham nessa linha s\u00e3o esp\u00edritos de crian\u00e7as que tamb\u00e9m s\u00e3o chamadas de Er\u00eas. S\u00e3o porta-vozes das mensagens dos Orix\u00e1s atrav\u00e9s de suas palavras de carinho e pureza. Comumente se apresentam em alguns Templos quando da homenagem a um Orix\u00e1 ou mesmo a uma Entidade, quando esta n\u00e3o se apresenta, trazendo mensagens profundas e mesmo complexas, no intuito de orienta\u00e7\u00e3o, esclarecimento e do toque da sensibilidade e do \u00edntimo das pessoas. Apresentam gestos e voz de crian\u00e7a e transmitem irradia\u00e7\u00f5es muito fortes e puras de sentida e percebida intensidade, portanto tem muita facilidade de atua\u00e7\u00e3o na cura de dores, dos males f\u00edsicos, da mente e da alma. Eles v\u00e3o, com suas conversas inocentes envolvendo os consulentes, sutilmente trabalhando seu \u00edntimo, regenerando seus Chacras para reequilibr\u00e1-los, eles conseguem penetrar em nosso \u00edntimo e identificar nossas ang\u00fastias, nossos sofrimentos, nossas emo\u00e7\u00f5es. Seus trabalhos, al\u00e9m da grande for\u00e7a espiritual que j\u00e1 trazem, tamb\u00e9m recebe todo um respaldo do plano espiritual de luz, o que os torna ainda mais fortes e capazes, portanto se diz que, o que um Er\u00ea fez, somente um Er\u00ea tem o poder de tirar. Seu dia na Umbanda \u00e9 27 de setembro, a entrega em homenagem a Cosme e Dami\u00e3o com doces, balas, pirulitos, cocadas, guaran\u00e1. Seus&#8230; <\/p>\n<p><a class=\"readmore\" href=\"https:\/\/thir.com.br\/portal\/os-ibejis-as-criancas-de-umbanda\/\">Continue lendo&#8230;<\/a><\/p>\n","protected":false},"author":3,"featured_media":0,"parent":0,"menu_order":0,"comment_status":"closed","ping_status":"closed","template":"","meta":{"footnotes":""},"class_list":["post-12150","page","type-page","status-publish","hentry"],"_links":{"self":[{"href":"https:\/\/thir.com.br\/portal\/wp-json\/wp\/v2\/pages\/12150","targetHints":{"allow":["GET"]}}],"collection":[{"href":"https:\/\/thir.com.br\/portal\/wp-json\/wp\/v2\/pages"}],"about":[{"href":"https:\/\/thir.com.br\/portal\/wp-json\/wp\/v2\/types\/page"}],"author":[{"embeddable":true,"href":"https:\/\/thir.com.br\/portal\/wp-json\/wp\/v2\/users\/3"}],"replies":[{"embeddable":true,"href":"https:\/\/thir.com.br\/portal\/wp-json\/wp\/v2\/comments?post=12150"}],"version-history":[{"count":6,"href":"https:\/\/thir.com.br\/portal\/wp-json\/wp\/v2\/pages\/12150\/revisions"}],"predecessor-version":[{"id":12155,"href":"https:\/\/thir.com.br\/portal\/wp-json\/wp\/v2\/pages\/12150\/revisions\/12155"}],"wp:attachment":[{"href":"https:\/\/thir.com.br\/portal\/wp-json\/wp\/v2\/media?parent=12150"}],"curies":[{"name":"wp","href":"https:\/\/api.w.org\/{rel}","templated":true}]}}