{"id":12140,"date":"2017-08-23T16:28:16","date_gmt":"2017-08-23T19:28:16","guid":{"rendered":"http:\/\/thir.com.br\/portal\/?page_id=12140"},"modified":"2017-08-26T22:35:16","modified_gmt":"2017-08-27T01:35:16","slug":"caboclo-arariboia","status":"publish","type":"page","link":"https:\/\/thir.com.br\/portal\/caboclo-arariboia\/","title":{"rendered":"Caboclo Ararib\u00f3ia"},"content":{"rendered":"<h2 style=\"text-align: left;\"><\/h2>\n<h2>\u00a0<a href=\"http:\/\/thir.com.br\/portal\/wp-content\/uploads\/2017\/08\/maxresdefault.jpg\"><img loading=\"lazy\" decoding=\"async\" class=\"aligncenter wp-image-12482 size-full\" src=\"http:\/\/thir.com.br\/portal\/wp-content\/uploads\/2017\/08\/maxresdefault.jpg\" alt=\"\" width=\"1280\" height=\"720\" srcset=\"https:\/\/thir.com.br\/portal\/wp-content\/uploads\/2017\/08\/maxresdefault.jpg 1280w, https:\/\/thir.com.br\/portal\/wp-content\/uploads\/2017\/08\/maxresdefault-300x169.jpg 300w, https:\/\/thir.com.br\/portal\/wp-content\/uploads\/2017\/08\/maxresdefault-768x432.jpg 768w, https:\/\/thir.com.br\/portal\/wp-content\/uploads\/2017\/08\/maxresdefault-1024x576.jpg 1024w, https:\/\/thir.com.br\/portal\/wp-content\/uploads\/2017\/08\/maxresdefault-500x281.jpg 500w\" sizes=\"auto, (max-width: 1280px) 100vw, 1280px\" \/><\/a><\/h2>\n<p>&nbsp;<\/p>\n<p>&nbsp;<\/p>\n<h2 style=\"text-align: center;\">Homenagem ao\u00a0Caboclo Ararib\u00f3ia<\/h2>\n<p>&nbsp;<\/p>\n<p>Ararib\u00f3ia ou Ararigb\u00f3ia ( em tupi, \u201d Cobra Feroz\u201d ou \u201d Cobra da Tempestade\u201d ) foi cacique da tribo dos Temimin\u00f3s, do grupo ind\u00edgena Tupi, em meados do s\u00e9culo XVI. O seu dom\u00ednio era a ilha de Paranapu\u00e3 ( Hoje Ilha do Governador), na ba\u00eda de Guanabara, no litoral do Brasil.<\/p>\n<p>Ararib\u00f3ia era cacique dos teminin\u00f3s quando os franceses, com o apoio dos Tamoios, tomaram o controle da Guanabara, na ent\u00e3o Capitania do Rio de Janeiro, em 1555. Tendo perdido as suas terras, o cacique e sua tribo ent\u00e3o seguiram para a ent\u00e3o capitania do Espirito Santo, onde reorganizaram a sua aldeia e expulsaram alguns holandeses.<\/p>\n<p>Quando a Coroa de Portugal enviou ao brasil o seu terceiro Governador-Geral, Mem de S\u00e1, com um contingente de soldados bem armados pra retomar a Guanabara aos franceses, os portugueses estabeleceram uma alian\u00e7a com Ararib\u00f3ia, conseguindo desse modo refor\u00e7ar os seus efetivos em cerca de 8 mil homens, ind\u00edgenas conhecedores do territ\u00f3rio e inimigos dos Tamoios. A esquadra francesa se instalara na Guanabara em 1556, ocupando uma ilha e ali erguendo um forte. Para se contrapor as for\u00e7as portuguesas, o comandante dos invasores, Nicolau Durando de Villegainon, firmou uma alian\u00e7a com os \u00edndios Tamoios, cerca de 70 mil homens naquela faixa do litoral. O acordo permitiu que as for\u00e7as enviadas de Salvador por Mem de S\u00e1, governador-geral do Brasil, fossem recha\u00e7adas. Com a unidade Est\u00e1cio de S\u00e1 correndo perigo, Mem de S\u00e1 mandou vir do reino seu sobrinho Est\u00e1cio de S\u00e1 e o incumbiu de adotar a mesma estrat\u00e9gia dos franceses: arregimentar apoio ind\u00edgena.<\/p>\n<p>O confronto mais violento ocorreu em Uru\u00e7umirim, onde os invasores estavam aquartelados. Galgandos penhascos, Ararib\u00f3ia foi o primeiro a entrar no baluarte inimigo. Empunhava uma tocha, com o qual explodiu o paiol de p\u00f3lvora e abriu caminho para o ataque. Durante a luta, uma flecha envenenada raspou o rosto de Est\u00e1cio de S\u00e1, que morreu posteriormente, v\u00edtima de infec\u00e7\u00e3o. O ataque derradeiro seguiu-se em uma matan\u00e7a noturna. O vitorioso Ararib\u00f3ia amanheceu banhando de sangue franc\u00eas e tamoio. Em epis\u00f3dio com contorno de lenda, teria atravessado as \u00e1guas da ba\u00eda a nado para liberar o assalto ao Forte Coligny. O fato \u00e9 que, com seu apoio, a opera\u00e7\u00e3o portuguesa contra os franceses foi coroada de sucesso, tendo os portugueses recuperado o controle sobre a ba\u00eda de Guanabara, fundando mais tarde a cidade de S\u00e3o Sebasti\u00e3o do Rio de Janeiro.<\/p>\n<p>Ap\u00f3s a derrota dos Tamoios, como recompensa pelos seus feitos, Ararib\u00f3ia recebeu da Coroa Portuguesa a sesmaria de Niter\u00f3i ( em lingua tupi, \u201d \u00c1guas Escondidas\u201d). Converteu-se ao cristianismo e adotou o nome de Martim Afonso, em homenagem a Martim Afonso Souza.<\/p>\n<p>Terminou os seus dias de conflitos com o novo Governador- Geral da Reparti\u00e7\u00e3o Sul do Estado do Brasil ( com sede no Rio de Janeiro), o Dr. Ant\u00f4nio de Salema (1575-1577). Na cerim\u00f4nia oficial de posse, tendo Ararib\u00f3ia se deslocado de Niter\u00f3i at\u00e9 o Rio de Janeiro, sentou-se \u00e1 moda ind\u00edgena ( com o tronco sobre as pernas cruzadas). O fato veio a desagradar o Governador, que o repreendeu, Ararib\u00f3ia rebateu tal repreens\u00e3o retrucando:<br \/>\n\u201d Minhas pernas est\u00e3o cansadas de tanto lutar pelo seu Rei, por isso eu as cruzo ao sentar-me, se assim o incomodo, n\u00e3o virei mais aqui! \u201c<\/p>\n<p>O idoso cacique voltou para sesmaria de Niter\u00f3i n\u00e3o mais tendo retornado ao Rio de Janeiro. Por incr\u00edvel que pare\u00e7a segundo informa o \u201cDicion\u00e1rio de curiosidades do Rio de Janeiro\u201d, morreu afogado nas proximidades da ilha de Mocangu\u00ea- mirim, ainda em 1574.<\/p>\n<p>\u00c9 considerado o fundador da cidade de Niter\u00f3i, e uma est\u00e1tua sua pode ser vista no centro da cidade, fronteira a esta\u00e7\u00e3o das barcas, com os olhos voltados para a ba\u00eda de Guanabara e a cidade de Niter\u00f3i sob sua prote\u00e7\u00e3o.<\/p>\n","protected":false},"excerpt":{"rendered":"<p>\u00a0 &nbsp; &nbsp; Homenagem ao\u00a0Caboclo Ararib\u00f3ia &nbsp; Ararib\u00f3ia ou Ararigb\u00f3ia ( em tupi, \u201d Cobra Feroz\u201d ou \u201d Cobra da Tempestade\u201d ) foi cacique da tribo dos Temimin\u00f3s, do grupo ind\u00edgena Tupi, em meados do s\u00e9culo XVI. O seu dom\u00ednio era a ilha de Paranapu\u00e3 ( Hoje Ilha do Governador), na ba\u00eda de Guanabara, no litoral do Brasil. Ararib\u00f3ia era cacique dos teminin\u00f3s quando os franceses, com o apoio dos Tamoios, tomaram o controle da Guanabara, na ent\u00e3o Capitania do Rio de Janeiro, em 1555. Tendo perdido as suas terras, o cacique e sua tribo ent\u00e3o seguiram para a ent\u00e3o capitania do Espirito Santo, onde reorganizaram a sua aldeia e expulsaram alguns holandeses. Quando a Coroa de Portugal enviou ao brasil o seu terceiro Governador-Geral, Mem de S\u00e1, com um contingente de soldados bem armados pra retomar a Guanabara aos franceses, os portugueses estabeleceram uma alian\u00e7a com Ararib\u00f3ia, conseguindo desse modo refor\u00e7ar os seus efetivos em cerca de 8 mil homens, ind\u00edgenas conhecedores do territ\u00f3rio e inimigos dos Tamoios. A esquadra francesa se instalara na Guanabara em 1556, ocupando uma ilha e ali erguendo um forte. Para se contrapor as for\u00e7as portuguesas, o comandante dos invasores, Nicolau Durando de Villegainon, firmou uma alian\u00e7a com os \u00edndios Tamoios, cerca de 70 mil homens naquela faixa do litoral. O acordo permitiu que as for\u00e7as enviadas de Salvador por Mem de S\u00e1, governador-geral do Brasil, fossem recha\u00e7adas. Com a unidade Est\u00e1cio de S\u00e1 correndo perigo, Mem de S\u00e1 mandou vir do reino seu sobrinho Est\u00e1cio de S\u00e1 e o incumbiu de adotar a mesma estrat\u00e9gia dos franceses: arregimentar apoio ind\u00edgena. O confronto mais violento ocorreu em Uru\u00e7umirim, onde os invasores estavam aquartelados. Galgandos penhascos, Ararib\u00f3ia foi o primeiro a entrar no baluarte inimigo. Empunhava uma tocha, com o qual explodiu o paiol de&#8230; <\/p>\n<p><a class=\"readmore\" href=\"https:\/\/thir.com.br\/portal\/caboclo-arariboia\/\">Continue lendo&#8230;<\/a><\/p>\n","protected":false},"author":3,"featured_media":0,"parent":0,"menu_order":0,"comment_status":"closed","ping_status":"closed","template":"","meta":{"footnotes":""},"class_list":["post-12140","page","type-page","status-publish","hentry"],"_links":{"self":[{"href":"https:\/\/thir.com.br\/portal\/wp-json\/wp\/v2\/pages\/12140","targetHints":{"allow":["GET"]}}],"collection":[{"href":"https:\/\/thir.com.br\/portal\/wp-json\/wp\/v2\/pages"}],"about":[{"href":"https:\/\/thir.com.br\/portal\/wp-json\/wp\/v2\/types\/page"}],"author":[{"embeddable":true,"href":"https:\/\/thir.com.br\/portal\/wp-json\/wp\/v2\/users\/3"}],"replies":[{"embeddable":true,"href":"https:\/\/thir.com.br\/portal\/wp-json\/wp\/v2\/comments?post=12140"}],"version-history":[{"count":12,"href":"https:\/\/thir.com.br\/portal\/wp-json\/wp\/v2\/pages\/12140\/revisions"}],"predecessor-version":[{"id":12145,"href":"https:\/\/thir.com.br\/portal\/wp-json\/wp\/v2\/pages\/12140\/revisions\/12145"}],"wp:attachment":[{"href":"https:\/\/thir.com.br\/portal\/wp-json\/wp\/v2\/media?parent=12140"}],"curies":[{"name":"wp","href":"https:\/\/api.w.org\/{rel}","templated":true}]}}

Caboclo Araribóia

<h2 style="text-align: left;"></h2>
<h2> <a href="http://thir.com.br/portal/wp-content/uploads/2017/08/maxresdefault.jpg"><img loading="lazy" decoding="async" class="aligncenter wp-image-12482 size-full" src="http://thir.com.br/portal/wp-content/uploads/2017/08/maxresdefault.jpg" alt="" width="1280" height="720" srcset="https://thir.com.br/portal/wp-content/uploads/2017/08/maxresdefault.jpg 1280w, https://thir.com.br/portal/wp-content/uploads/2017/08/maxresdefault-300x169.jpg 300w, https://thir.com.br/portal/wp-content/uploads/2017/08/maxresdefault-768x432.jpg 768w, https://thir.com.br/portal/wp-content/uploads/2017/08/maxresdefault-1024x576.jpg 1024w, https://thir.com.br/portal/wp-content/uploads/2017/08/maxresdefault-500x281.jpg 500w" sizes="auto, (max-width: 1280px) 100vw, 1280px" /></a></h2>
<p>&nbsp;</p>
<p>&nbsp;</p>
<h2 style="text-align: center;">Homenagem ao Caboclo Araribóia</h2>
<p>&nbsp;</p>
<p>Araribóia ou Ararigbóia ( em tupi, ” Cobra Feroz” ou ” Cobra da Tempestade” ) foi cacique da tribo dos Temiminós, do grupo indígena Tupi, em meados do século XVI. O seu domínio era a ilha de Paranapuã ( Hoje Ilha do Governador), na baía de Guanabara, no litoral do Brasil.</p>
<p>Araribóia era cacique dos temininós quando os franceses, com o apoio dos Tamoios, tomaram o controle da Guanabara, na então Capitania do Rio de Janeiro, em 1555. Tendo perdido as suas terras, o cacique e sua tribo então seguiram para a então capitania do Espirito Santo, onde reorganizaram a sua aldeia e expulsaram alguns holandeses.</p>
<p>Quando a Coroa de Portugal enviou ao brasil o seu terceiro Governador-Geral, Mem de Sá, com um contingente de soldados bem armados pra retomar a Guanabara aos franceses, os portugueses estabeleceram uma aliança com Araribóia, conseguindo desse modo reforçar os seus efetivos em cerca de 8 mil homens, indígenas conhecedores do território e inimigos dos Tamoios. A esquadra francesa se instalara na Guanabara em 1556, ocupando uma ilha e ali erguendo um forte. Para se contrapor as forças portuguesas, o comandante dos invasores, Nicolau Durando de Villegainon, firmou uma aliança com os índios Tamoios, cerca de 70 mil homens naquela faixa do litoral. O acordo permitiu que as forças enviadas de Salvador por Mem de Sá, governador-geral do Brasil, fossem rechaçadas. Com a unidade Estácio de Sá correndo perigo, Mem de Sá mandou vir do reino seu sobrinho Estácio de Sá e o incumbiu de adotar a mesma estratégia dos franceses: arregimentar apoio indígena.</p>
<p>O confronto mais violento ocorreu em Uruçumirim, onde os invasores estavam aquartelados. Galgandos penhascos, Araribóia foi o primeiro a entrar no baluarte inimigo. Empunhava uma tocha, com o qual explodiu o paiol de pólvora e abriu caminho para o ataque. Durante a luta, uma flecha envenenada raspou o rosto de Estácio de Sá, que morreu posteriormente, vítima de infecção. O ataque derradeiro seguiu-se em uma matança noturna. O vitorioso Araribóia amanheceu banhando de sangue francês e tamoio. Em episódio com contorno de lenda, teria atravessado as águas da baía a nado para liberar o assalto ao Forte Coligny. O fato é que, com seu apoio, a operação portuguesa contra os franceses foi coroada de sucesso, tendo os portugueses recuperado o controle sobre a baía de Guanabara, fundando mais tarde a cidade de São Sebastião do Rio de Janeiro.</p>
<p>Após a derrota dos Tamoios, como recompensa pelos seus feitos, Araribóia recebeu da Coroa Portuguesa a sesmaria de Niterói ( em lingua tupi, ” Águas Escondidas”). Converteu-se ao cristianismo e adotou o nome de Martim Afonso, em homenagem a Martim Afonso Souza.</p>
<p>Terminou os seus dias de conflitos com o novo Governador- Geral da Repartição Sul do Estado do Brasil ( com sede no Rio de Janeiro), o Dr. Antônio de Salema (1575-1577). Na cerimônia oficial de posse, tendo Araribóia se deslocado de Niterói até o Rio de Janeiro, sentou-se á moda indígena ( com o tronco sobre as pernas cruzadas). O fato veio a desagradar o Governador, que o repreendeu, Araribóia rebateu tal repreensão retrucando:<br />
” Minhas pernas estão cansadas de tanto lutar pelo seu Rei, por isso eu as cruzo ao sentar-me, se assim o incomodo, não virei mais aqui! “</p>
<p>O idoso cacique voltou para sesmaria de Niterói não mais tendo retornado ao Rio de Janeiro. Por incrível que pareça segundo informa o “Dicionário de curiosidades do Rio de Janeiro”, morreu afogado nas proximidades da ilha de Mocanguê- mirim, ainda em 1574.</p>
<p>É considerado o fundador da cidade de Niterói, e uma estátua sua pode ser vista no centro da cidade, fronteira a estação das barcas, com os olhos voltados para a baía de Guanabara e a cidade de Niterói sob sua proteção.</p>

<p>  &nbsp; &nbsp; Homenagem ao Caboclo Araribóia &nbsp; Araribóia ou Ararigbóia ( em tupi, ” Cobra Feroz” ou ” Cobra da Tempestade” ) foi cacique da tribo dos Temiminós, do grupo indígena Tupi, em meados do século XVI. O seu domínio era a ilha de Paranapuã ( Hoje Ilha do Governador), na baía de Guanabara, no litoral do Brasil. Araribóia era cacique dos temininós quando os franceses, com o apoio dos Tamoios, tomaram o controle da Guanabara, na então Capitania do Rio de Janeiro, em 1555. Tendo perdido as suas terras, o cacique e sua tribo então seguiram para a então capitania do Espirito Santo, onde reorganizaram a sua aldeia e expulsaram alguns holandeses. Quando a Coroa de Portugal enviou ao brasil o seu terceiro Governador-Geral, Mem de Sá, com um contingente de soldados bem armados pra retomar a Guanabara aos franceses, os portugueses estabeleceram uma aliança com Araribóia, conseguindo desse modo reforçar os seus efetivos em cerca de 8 mil homens, indígenas conhecedores do território e inimigos dos Tamoios. A esquadra francesa se instalara na Guanabara em 1556, ocupando uma ilha e ali erguendo um forte. Para se contrapor as forças portuguesas, o comandante dos invasores, Nicolau Durando de Villegainon, firmou uma aliança com os índios Tamoios, cerca de 70 mil homens naquela faixa do litoral. O acordo permitiu que as forças enviadas de Salvador por Mem de Sá, governador-geral do Brasil, fossem rechaçadas. Com a unidade Estácio de Sá correndo perigo, Mem de Sá mandou vir do reino seu sobrinho Estácio de Sá e o incumbiu de adotar a mesma estratégia dos franceses: arregimentar apoio indígena. O confronto mais violento ocorreu em Uruçumirim, onde os invasores estavam aquartelados. Galgandos penhascos, Araribóia foi o primeiro a entrar no baluarte inimigo. Empunhava uma tocha, com o qual explodiu o paiol de&#8230; </p>
<p><a class="readmore" href="https://thir.com.br/portal/caboclo-arariboia/">Continue lendo&#8230;</a></p>
