{"id":11923,"date":"2017-08-13T16:00:47","date_gmt":"2017-08-13T16:00:47","guid":{"rendered":"http:\/\/thir.com.br\/portal\/?page_id=11923"},"modified":"2018-09-24T17:30:10","modified_gmt":"2018-09-24T20:30:10","slug":"a-thir","status":"publish","type":"page","link":"https:\/\/thir.com.br\/portal\/a-thir\/","title":{"rendered":"A THIR"},"content":{"rendered":"<p><a href=\"https:\/\/thir.com.br\/portal\/wp-content\/uploads\/2017\/08\/20151208_1955531-1024x576.jpg\"><img loading=\"lazy\" decoding=\"async\" class=\"aligncenter wp-image-11924 size-full\" src=\"https:\/\/thir.com.br\/portal\/wp-content\/uploads\/2017\/08\/20151208_1955531-1024x576-e1504022345738.jpg\" alt=\"\" width=\"900\" height=\"506\" \/><\/a><\/p>\n<p>&nbsp;<\/p>\n<p>Leitor amigo, nesta edi\u00e7\u00e3o inaugural de nosso site informativo onde ainda comemoramos\u00a0os 75 anos da nossa Tenda dos Humildes de Isabel \u00e0 Redentora, destaco uma mensagem\u00a0psicografada pela nossa querida e saudosa M\u00e3e Guiomar, recebida pela ialorix\u00e1 Leila\u00a0D\u2019Ogum em 13 de Maio de 2.007, onde ela relata a hist\u00f3ria de como surgiu os fen\u00f4menos\u00a0medi\u00fanicos em sua vida espiritual, que mais tarde veio conduzi-la a ser a primeira dirigente\u00a0espiritual da nossa Tenda.<\/p>\n<p>\u201cMam\u00e3e, hoje \u00e9 dia de ladainha!<\/p>\n<p>\u2013 Dizia eu a minha m\u00e3e. Tinha ent\u00e3o 15 anos e j\u00e1 feliz corria \u00e0 Casa de Deus. Queria ser eu\u00a0a primeira a chegar.<\/p>\n<p>O padre, muito austero fazia o serm\u00e3o baseado no evangelho de Jesus, dizendo:<\/p>\n<p>\u2013 Meus filhos, a morte os levar\u00e1 a direita do pai e l\u00e1 estar\u00e3o em contato com santos e anjos,\u00a0mas se for partir em pecado ir\u00e3o para o inferno e de l\u00e1 n\u00e3o sair\u00e3o mais.<\/p>\n<p>A essa altura n\u00e3o controlei mais e possu\u00edda, subi no banco da igreja e questionei as\u00a0palavras convictas do sacerdote nas quais todos acreditavam. O p\u00e1roco vendo a afli\u00e7\u00e3o de\u00a0minha m\u00e3e, cuja filha estava desrespeitando a igreja, puxou-me pela saia fazendo-me sentar,\u00a0com cara feia, mas nem assim deixei de falar.<\/p>\n<p>Durante todo o serm\u00e3o, ap\u00f3s o ato da missa o padre que tinha em minha m\u00e3e muita\u00a0confian\u00e7a, pois era ela quem lhe fazia a comida e lavava suas roupas, e pediu que me levasse\u00a0ao m\u00e9dico, pois havia um grande desequil\u00edbrio mental em mim e, era preciso cuidar.<\/p>\n<p>Essa foi a primeira manifesta\u00e7\u00e3o medi\u00fanica que tive.<\/p>\n<p>Ap\u00f3s alguns dias ca\u00ed doente e tremores me assolaram o corpo, tremores e coisas\u00a0desconexas sa\u00edam de minha boca.<\/p>\n<p>Meu tio ent\u00e3o sugeriu que me levasse ao centro esp\u00edrita, o que minha m\u00e3e, negou\u00a0veementemente, dizendo ser uma heresia e que filha de Maria jamais poder\u00e1 ter esse pecado.<\/p>\n<p>Os dias se passaram, e eu n\u00e3o tinha melhora.<\/p>\n<p>Saindo de Paracambi e vindo para o Rio em busca de aux\u00edlio m\u00e9dico, fui parar a contra\u00a0gosto num centro esp\u00edrita que meu tio frequentava. Quando percebi que ali estava, o que era a\u00a0contra a lei de Deus, recusei-me a sair do autom\u00f3vel em que me encontrava, por\u00e9m como nada\u00a0havia mudado em meu estado, tive que voltar \u00e0quele lugar horr\u00edvel, o centro esp\u00edrita. Com muito medo desci do carro e ao colocar os p\u00e9s naquele recinto tive a manifesta\u00e7\u00e3o dos guias que ali\u00a0se apresentando disseram sobre a miss\u00e3o que vim cumprir na terra.<\/p>\n<p>O desenvolvimento foi r\u00e1pido, tomando a frente o Caboclo das Ondas do mar, ou seja,\u00a0Caaoby nosso mentor espiritual. Muitos amigos e pessoas necessitadas me procuravam e\u00a0\u00e0s vezes a altas horas da noite, aflitas em busca de lenitivo as suas dores e uma palavra dos\u00a0Guias, que entre tantas que vinham a Vov\u00f3 Maria Juv\u00eancia Catarina do Congo.<\/p>\n<p>Reun\u00edamos ent\u00e3o no por\u00e3o do 95 da Rua Victor Meireles, para as primeiras sess\u00f5es, eu,\u00a0Jo\u00e3o, vovozinha, Barcelos, Jupira, Eur\u00eddice, Virg\u00edlio e outras.<\/p>\n<p>Surgia assim, em 13 de maio de 1938, a Tenda dos Humildes de Isabel a Redentora.\u00a0Sugerido por Jo\u00e3o, esse nome em louvor aos negros que nessa data foram libertados, o que\u00a0todos os esp\u00edritas tamb\u00e9m almejam libertar almas de tudo que seja mal\u00e9fico.<\/p>\n<p>A Casa de Caaoby a\u00ed est\u00e1 cada vez com mais luz, mais for\u00e7a para aux\u00edlio aos necessitados.\u00a0N\u00f3s os fundadores agradecemos a todos que durante esse trajeto nos auxiliaram, como Jos\u00e9\u00a0Saroldi, Bernardino, Adalgisa e tantos outros. O meu \u201cCabe\u00e7a de tuia\u201d, Lorena, Valter e Alice\u00a0Vila.<\/p>\n<p>Hoje vejo a continuidade desse trabalho em tempos outros, mas empenhados em conservar\u00a0o Ax\u00e9 e elevar um nome que jamais dever\u00e1 ser esquecido e que Caaoby, Iara, Vov\u00f3 Conga,\u00a0Isaac, Chico Preto, Nangola, Vira Mundo, Nadjadara, Arranca Toco, Caboclo Carij\u00f3, Serra\u00a0Negra, Tibiri\u00e7a e Ararib\u00f3ia a representam \u2013 \u00a0\u00a0Tenda dos Humildes de Isabel a Redentora<br \/>\nUma Tenda em que a religi\u00e3o brasileira se faz presente.<\/p>\n<p>A Umbanda!\u201d<\/p>\n<p><strong>Liane Menezes<br \/>\n<\/strong><\/p>\n<p><strong>Presidente da THIR<\/strong><\/p>\n","protected":false},"excerpt":{"rendered":"<p>&nbsp; Leitor amigo, nesta edi\u00e7\u00e3o inaugural de nosso site informativo onde ainda comemoramos\u00a0os 75 anos da nossa Tenda dos Humildes de Isabel \u00e0 Redentora, destaco uma mensagem\u00a0psicografada pela nossa querida e saudosa M\u00e3e Guiomar, recebida pela ialorix\u00e1 Leila\u00a0D\u2019Ogum em 13 de Maio de 2.007, onde ela relata a hist\u00f3ria de como surgiu os fen\u00f4menos\u00a0medi\u00fanicos em sua vida espiritual, que mais tarde veio conduzi-la a ser a primeira dirigente\u00a0espiritual da nossa Tenda. \u201cMam\u00e3e, hoje \u00e9 dia de ladainha! \u2013 Dizia eu a minha m\u00e3e. Tinha ent\u00e3o 15 anos e j\u00e1 feliz corria \u00e0 Casa de Deus. Queria ser eu\u00a0a primeira a chegar. O padre, muito austero fazia o serm\u00e3o baseado no evangelho de Jesus, dizendo: \u2013 Meus filhos, a morte os levar\u00e1 a direita do pai e l\u00e1 estar\u00e3o em contato com santos e anjos,\u00a0mas se for partir em pecado ir\u00e3o para o inferno e de l\u00e1 n\u00e3o sair\u00e3o mais. A essa altura n\u00e3o controlei mais e possu\u00edda, subi no banco da igreja e questionei as\u00a0palavras convictas do sacerdote nas quais todos acreditavam. O p\u00e1roco vendo a afli\u00e7\u00e3o de\u00a0minha m\u00e3e, cuja filha estava desrespeitando a igreja, puxou-me pela saia fazendo-me sentar,\u00a0com cara feia, mas nem assim deixei de falar. Durante todo o serm\u00e3o, ap\u00f3s o ato da missa o padre que tinha em minha m\u00e3e muita\u00a0confian\u00e7a, pois era ela quem lhe fazia a comida e lavava suas roupas, e pediu que me levasse\u00a0ao m\u00e9dico, pois havia um grande desequil\u00edbrio mental em mim e, era preciso cuidar. Essa foi a primeira manifesta\u00e7\u00e3o medi\u00fanica que tive. Ap\u00f3s alguns dias ca\u00ed doente e tremores me assolaram o corpo, tremores e coisas\u00a0desconexas sa\u00edam de minha boca. Meu tio ent\u00e3o sugeriu que me levasse ao centro esp\u00edrita, o que minha m\u00e3e, negou\u00a0veementemente, dizendo ser uma heresia e que filha de Maria jamais poder\u00e1 ter esse pecado&#8230;. <\/p>\n<p><a class=\"readmore\" href=\"https:\/\/thir.com.br\/portal\/a-thir\/\">Continue lendo&#8230;<\/a><\/p>\n","protected":false},"author":1,"featured_media":0,"parent":0,"menu_order":0,"comment_status":"closed","ping_status":"closed","template":"","meta":{"footnotes":""},"class_list":["post-11923","page","type-page","status-publish","hentry"],"_links":{"self":[{"href":"https:\/\/thir.com.br\/portal\/wp-json\/wp\/v2\/pages\/11923","targetHints":{"allow":["GET"]}}],"collection":[{"href":"https:\/\/thir.com.br\/portal\/wp-json\/wp\/v2\/pages"}],"about":[{"href":"https:\/\/thir.com.br\/portal\/wp-json\/wp\/v2\/types\/page"}],"author":[{"embeddable":true,"href":"https:\/\/thir.com.br\/portal\/wp-json\/wp\/v2\/users\/1"}],"replies":[{"embeddable":true,"href":"https:\/\/thir.com.br\/portal\/wp-json\/wp\/v2\/comments?post=11923"}],"version-history":[{"count":8,"href":"https:\/\/thir.com.br\/portal\/wp-json\/wp\/v2\/pages\/11923\/revisions"}],"predecessor-version":[{"id":13029,"href":"https:\/\/thir.com.br\/portal\/wp-json\/wp\/v2\/pages\/11923\/revisions\/13029"}],"wp:attachment":[{"href":"https:\/\/thir.com.br\/portal\/wp-json\/wp\/v2\/media?parent=11923"}],"curies":[{"name":"wp","href":"https:\/\/api.w.org\/{rel}","templated":true}]}}

<p><a href="https://thir.com.br/portal/wp-content/uploads/2017/08/20151208_1955531-1024x576.jpg"><img loading="lazy" decoding="async" class="aligncenter wp-image-11924 size-full" src="https://thir.com.br/portal/wp-content/uploads/2017/08/20151208_1955531-1024x576-e1504022345738.jpg" alt="" width="900" height="506" /></a></p>
<p>&nbsp;</p>
<p>Leitor amigo, nesta edição inaugural de nosso site informativo onde ainda comemoramos os 75 anos da nossa Tenda dos Humildes de Isabel à Redentora, destaco uma mensagem psicografada pela nossa querida e saudosa Mãe Guiomar, recebida pela ialorixá Leila D’Ogum em 13 de Maio de 2.007, onde ela relata a história de como surgiu os fenômenos mediúnicos em sua vida espiritual, que mais tarde veio conduzi-la a ser a primeira dirigente espiritual da nossa Tenda.</p>
<p>“Mamãe, hoje é dia de ladainha!</p>
<p>– Dizia eu a minha mãe. Tinha então 15 anos e já feliz corria à Casa de Deus. Queria ser eu a primeira a chegar.</p>
<p>O padre, muito austero fazia o sermão baseado no evangelho de Jesus, dizendo:</p>
<p>– Meus filhos, a morte os levará a direita do pai e lá estarão em contato com santos e anjos, mas se for partir em pecado irão para o inferno e de lá não sairão mais.</p>
<p>A essa altura não controlei mais e possuída, subi no banco da igreja e questionei as palavras convictas do sacerdote nas quais todos acreditavam. O pároco vendo a aflição de minha mãe, cuja filha estava desrespeitando a igreja, puxou-me pela saia fazendo-me sentar, com cara feia, mas nem assim deixei de falar.</p>
<p>Durante todo o sermão, após o ato da missa o padre que tinha em minha mãe muita confiança, pois era ela quem lhe fazia a comida e lavava suas roupas, e pediu que me levasse ao médico, pois havia um grande desequilíbrio mental em mim e, era preciso cuidar.</p>
<p>Essa foi a primeira manifestação mediúnica que tive.</p>
<p>Após alguns dias caí doente e tremores me assolaram o corpo, tremores e coisas desconexas saíam de minha boca.</p>
<p>Meu tio então sugeriu que me levasse ao centro espírita, o que minha mãe, negou veementemente, dizendo ser uma heresia e que filha de Maria jamais poderá ter esse pecado.</p>
<p>Os dias se passaram, e eu não tinha melhora.</p>
<p>Saindo de Paracambi e vindo para o Rio em busca de auxílio médico, fui parar a contra gosto num centro espírita que meu tio frequentava. Quando percebi que ali estava, o que era a contra a lei de Deus, recusei-me a sair do automóvel em que me encontrava, porém como nada havia mudado em meu estado, tive que voltar àquele lugar horrível, o centro espírita. Com muito medo desci do carro e ao colocar os pés naquele recinto tive a manifestação dos guias que ali se apresentando disseram sobre a missão que vim cumprir na terra.</p>
<p>O desenvolvimento foi rápido, tomando a frente o Caboclo das Ondas do mar, ou seja, Caaoby nosso mentor espiritual. Muitos amigos e pessoas necessitadas me procuravam e às vezes a altas horas da noite, aflitas em busca de lenitivo as suas dores e uma palavra dos Guias, que entre tantas que vinham a Vovó Maria Juvência Catarina do Congo.</p>
<p>Reuníamos então no porão do 95 da Rua Victor Meireles, para as primeiras sessões, eu, João, vovozinha, Barcelos, Jupira, Eurídice, Virgílio e outras.</p>
<p>Surgia assim, em 13 de maio de 1938, a Tenda dos Humildes de Isabel a Redentora. Sugerido por João, esse nome em louvor aos negros que nessa data foram libertados, o que todos os espíritas também almejam libertar almas de tudo que seja maléfico.</p>
<p>A Casa de Caaoby aí está cada vez com mais luz, mais força para auxílio aos necessitados. Nós os fundadores agradecemos a todos que durante esse trajeto nos auxiliaram, como José Saroldi, Bernardino, Adalgisa e tantos outros. O meu “Cabeça de tuia”, Lorena, Valter e Alice Vila.</p>
<p>Hoje vejo a continuidade desse trabalho em tempos outros, mas empenhados em conservar o Axé e elevar um nome que jamais deverá ser esquecido e que Caaoby, Iara, Vovó Conga, Isaac, Chico Preto, Nangola, Vira Mundo, Nadjadara, Arranca Toco, Caboclo Carijó, Serra Negra, Tibiriça e Araribóia a representam –   Tenda dos Humildes de Isabel a Redentora<br />
Uma Tenda em que a religião brasileira se faz presente.</p>
<p>A Umbanda!”</p>
<p><strong>Liane Menezes<br />
</strong></p>
<p><strong>Presidente da THIR</strong></p>

<p>&nbsp; Leitor amigo, nesta edição inaugural de nosso site informativo onde ainda comemoramos os 75 anos da nossa Tenda dos Humildes de Isabel à Redentora, destaco uma mensagem psicografada pela nossa querida e saudosa Mãe Guiomar, recebida pela ialorixá Leila D’Ogum em 13 de Maio de 2.007, onde ela relata a história de como surgiu os fenômenos mediúnicos em sua vida espiritual, que mais tarde veio conduzi-la a ser a primeira dirigente espiritual da nossa Tenda. “Mamãe, hoje é dia de ladainha! – Dizia eu a minha mãe. Tinha então 15 anos e já feliz corria à Casa de Deus. Queria ser eu a primeira a chegar. O padre, muito austero fazia o sermão baseado no evangelho de Jesus, dizendo: – Meus filhos, a morte os levará a direita do pai e lá estarão em contato com santos e anjos, mas se for partir em pecado irão para o inferno e de lá não sairão mais. A essa altura não controlei mais e possuída, subi no banco da igreja e questionei as palavras convictas do sacerdote nas quais todos acreditavam. O pároco vendo a aflição de minha mãe, cuja filha estava desrespeitando a igreja, puxou-me pela saia fazendo-me sentar, com cara feia, mas nem assim deixei de falar. Durante todo o sermão, após o ato da missa o padre que tinha em minha mãe muita confiança, pois era ela quem lhe fazia a comida e lavava suas roupas, e pediu que me levasse ao médico, pois havia um grande desequilíbrio mental em mim e, era preciso cuidar. Essa foi a primeira manifestação mediúnica que tive. Após alguns dias caí doente e tremores me assolaram o corpo, tremores e coisas desconexas saíam de minha boca. Meu tio então sugeriu que me levasse ao centro espírita, o que minha mãe, negou veementemente, dizendo ser uma heresia e que filha de Maria jamais poderá ter esse pecado&#8230;. </p>
<p><a class="readmore" href="https://thir.com.br/portal/a-thir/">Continue lendo&#8230;</a></p>
